factors of z(l)?
2, 7
Let i be (-3)/(3/1) - -3. Suppose i = -p + 16. List the prime factors of p.
2, 7
Let a(l) = l**2 - 4*l + 6. Let g = 10 + -16. Let p be g/(-4)*(-20)/(-6). What are the prime factors of a(p)?
11
Suppose 4*s = 3*v - 72, -3*s - v - 3*v - 54 = 0. Let r be (-129)/12 - (-1)/(-4). Let j = r - s. List the prime factors of j.
7
Suppose -2*p + 4*b - 2*b = -6, b = 2*p - 4. Let v = p + -4. Let j(x) = -4*x - 1. List the prime factors of j(v).
11
Suppose 3*d + 6 = -2*d + u, 3*d + 18 = -3*u. Let q(x) = 15*x + 3. Let y(b) = -b. Let v(p) = -q(p) - 3*y(p). What are the prime factors of v(d)?
3, 7
List the prime factors of (-42)/((-1)/1 - 0).
2, 3, 7
Suppose -2*u - 38 - 56 = 0. Let l = -22 - u. What are the prime factors of l?
5
Let v(a) = a**3 - 3*a**2 - 3*a. Let x = -4 + 8. Let s be v(x). Suppose 77 = 5*j - 3*c, -s*c + 28 = 5*j - 56. What are the prime factors of j?
2
List the prime factors of (-21 - 0)*540/(-70).
2, 3
Suppose l + 4*l + 15 = 0. Let r be -27*1*2/3. What are the prime factors of 6/r - 34/l?
11
Suppose 0 = -3*r + n + 18, -3*r + 4*n + 24 = n. What are the prime factors of r?
5
Let z = 243 + -142. List the prime factors of z.
101
Let q(x) = x**3 + 13*x**2 - 2*x + 5. What are the prime factors of q(-13)?
31
Let v = 319 + -151. List the prime factors of v.
2, 3, 7
Let w = 206 + -126. What are the prime factors of w?
2, 5
Let o(i) = 2*i**2 - 4*i - 5. Suppose 5*z - 36 = -11. Let k be o(z). List the prime factors of k + (2 - -7)/(-3).
2, 11
Let p(a) = a**2 - 8*a + 9. Let o be p(7). Suppose x - o*x + 3 = 0. List the prime factors of x.
3
Suppose 2*y - 2*i - 406 = 0, 5*i - 602 - 192 = -4*y. What are the prime factors of y?
3, 67
Let m(o) be the first derivative of -o**5/120 + o**4/4 - o**3/3 - 1. Let c(f) be the third derivative of m(f). What are the prime factors of c(0)?
2, 3
Suppose 37 = 6*f + 7. What are the prime factors of f?
5
Let p(z) = -z**2 + 5. Let q be p(0). Let g = q + -3. What are the prime factors of g?
2
Let u be 1/((-2 - -3)/(-1)). List the prime factors of 17 - 4 - (-1)/u.
2, 3
Let u = 275 + -148. List the prime factors of u.
127
Suppose o + l = -3, 4*o - 2*l - 12 = 3*o. Suppose 4*i + 6 = -10. What are the prime factors of 6*(-1)/i*o?
3
Suppose 292 = 6*s - 488. List the prime factors of s.
2, 5, 13
Suppose d + 2*l - 8 = -2*d, 4*d - l = -4. Suppose d = b + 2*b - 168. What are the prime factors of b?
2, 7
Let r = 90 + -15. List the prime factors of r.
3, 5
Suppose 3*g - 19 = -4*b, -5*b - 11 = -3*g - b. Suppose 2*a + 44 = -4*v, -4*a + 12 = -g*v + 35. Let s = -2 - a. List the prime factors of s.
2, 5
Let j = 3 - -1. Let l = j - 1. List the prime factors of l.
3
Let z(a) = -4*a + 3. What are the prime factors of z(-13)?
5, 11
Let d(t) be the first derivative of -t**3/3 - 2*t**2 + 3*t - 1. Let r(x) be the first derivative of d(x). What are the prime factors of r(-5)?
2, 3
Let g(i) = 32*i + 16. List the prime factors of g(6).
2, 13
Let r(g) = g**2 - 7*g + 14. Let y(l) = -l**2 + 7*l - 13. Let f(s) = -5*r(s) - 6*y(s). What are the prime factors of f(7)?
2
Let m be 30 - (-1 + (-12)/(-4)). Suppose -4*d - 42 = -3*g, 4*g + d + m = 6*g. List the prime factors of g.
2, 7
Let c be (-6 - -1)*6/(-5). Suppose c = n - 0*n. List the prime factors of n.
2, 3
Let j be -3 + (6 - (-3 - -6)). Suppose -5*a + w + 23 = 3, j = 5*a - 4*w - 5. Suppose a*y - 16 = -2*b, -2*b = 2*y + 3*b - 19. What are the prime factors of y?
2
What are the prime factors of ((-230)/15)/(2/(-3))?
23
What are the prime factors of 3/(2*(-2)/(-24))?
2, 3
Let c(a) = 2*a**3 - 12*a**2 - 6*a - 7. Let p(o) = -5*o**3 + 35*o**2 + 19*o + 20. Let n(m) = -8*c(m) - 3*p(m). What are the prime factors of n(-8)?
2
Suppose 398 = 2*m - 4*b, -m = 2*m + b - 562. List the prime factors of m.
3, 7
What are the prime factors of (-2)/1 + -10 + 26?
2, 7
Let w = 10 + -5. Suppose 0 = w*f + 19 - 54. List the prime factors of f.
7
Suppose -5*f + 1 = -0*j + 3*j, -25 = -5*f + 5*j. Suppose f*d - d - 4 = 0, 0 = z - d. List the prime factors of z.
2
Let b = 68 + -48. Suppose 0*d + d = b. What are the prime factors of d?
2, 5
Let y be 5/4*(3 + 1). Let a be (112/35)/((-1)/y). What are the prime factors of (-3)/(-6)*-2 - a?
3, 5
Suppose 7 = h - 5*m, -5*m = -m + 8. Let s be (-1 + -5)*(h + 4). List the prime factors of s/4*8/(-6).
2
Suppose 4*u + 20 = -3*w, 4*w + 12 = 2*w - 4*u. Let z = 11 + w. Suppose 0 = -4*i + 3*n - 4*n + 12, -i - 4*n = -z. What are the prime factors of i?
3
Suppose l = 13 + 12. Suppose 3*x - 29 - l = 0. What are the prime factors of x?
2, 3
What are the prime factors of -14*(10/(-14) + -1)?
2, 3
Let b(n) be the third derivative of 8*n**5/15 - n**4/12 - n**3/6 - 2*n**2. List the prime factors of b(-1).
3, 11
Let s(b) = b**3 - 6*b**2 + 9*b - 10. What are the prime factors of s(6)?
2, 11
Let f(c) = 3*c. Let m(h) = -h**3 - 5*h**2 - 2*h + 4. Let g be m(-3). Let t = 15 + g. What are the prime factors of f(t)?
3, 7
Suppose 4*n - 412 = z, 145 = 5*n + 2*z - 357. List the prime factors of n.
2, 3, 17
Suppose b + b = 0. Suppose 3*h + 0*h - 15 = b. List the prime factors of h.
5
Let y = -150 - -85. Let p = y + 112. What are the prime factors of p?
47
Let y(n) = -n**3 + n**2 + 4*n + 77. What are the prime factors of y(0)?
7, 11
What are the prime factors of (9/6)/((-27)/(-504))?
2, 7
Let d = -94 + 164. Suppose -5*h = -d + 15. What are the prime factors of h?
11
Let l = 15 - 6. Let f = 29 - l. Suppose 0 = 4*z + z - f. What are the prime factors of z?
2
Suppose i + 0*i = 0. Suppose i = -x + 5 + 2. List the prime factors of x.
7
Let u be (-24)/(-14) + 8/28. Suppose -21 = -u*r + 13. What are the prime factors of r?
17
Let t(v) = -v**3 - v**2 + 3*v + 1. Let y be t(-3). Suppose y = 3*z + 2*z. Suppose z*s = -5*l + 23, -6*l + 23 = -2*l - 3*s. What are the prime factors of l?
5
Suppose 20 = 4*s, 0*s = -4*u + 2*s + 118. What are the prime factors of u?
2
Let q = 312 + -209. List the prime factors of q.
103
Let i be ((-4)/10)/((-3)/60). Suppose -4*x = -v - 6, x + 0 = 5*v - i. Suppose x*q = -0*q + 20. What are the prime factors of q?
2, 5
What are the prime factors of 2870/40 - (-2)/8?
2, 3
Suppose 3*q = q + 26. Suppose 0 = -l + 5 + q. What are the prime factors of l?
2, 3
Suppose 5*f - f = 48. Let l be (3 + -1)*(-1 + -2). List the prime factors of (-8)/f + (-52)/l.
2
Let z(g) = -3*g + 7. List the prime factors of z(-4).
19
Let d be -25*(26/(-10) + 2). Suppose -3 = 4*r - d. What are the prime factors of r?
3
Let h(b) = -b**2 - 12*b - 6. Let f be h(-9). What are the prime factors of f/6 - 3/6?
3
Let q(c) be the first derivative of c**4/4 - 4*c**3/3 + 4*c + 2. List the prime factors of q(4).
2
What are the prime factors of 295 - (-2 - (-20)/8)*0?
5, 59
Let m be ((-4)/3)/((-10)/15). Suppose 6*t = m*t + 132. What are the prime factors of t?
3, 11
Suppose 3*d - 3*g = 27, 0 = 4*g - 2*g - 8. List the prime factors of d.
13
Suppose -2*q + 16 = -q. List the prime factors of q.
2
Let b be 18/3*(-9)/(-6). Let w(o) = -b - 1 + o - 3*o. What are the prime factors of w(-7)?
2
Suppose 4*b + 2*m = 9 + 19, -2 = -2*b + 2*m. Suppose u + 16 = b*u. Suppose 48 + 4 = u*s. List the prime factors of s.
13
Let b = 149 + -63. What are the prime factors of b?
2, 43
Suppose -a = -4*u - 28, 5*a - 77 = -4*u + 135. What are the prime factors of a?
2, 5
Suppose -11*w + 32 = -7*w. Let q be (4/6)/((-2)/18). Let t = q + w. List the prime factors of t.
2
Let p = 85 - 45. Suppose 5*w - 20 = p. List the prime factors of w.
2, 3
Let u = 181 - 74. What are the prime factors of u?
107
Let w = -17 - -19. What are the prime factors of w?
2
Suppose 8*k - 1436 = 1452. What are the prime factors of k?
19
Let y = 71 + -43. List the prime factors of y.
2, 7
Let u be (-1)/(-3) + (-28)/(-6). Suppose -u = -4*q + 3. Suppose 2*c - 6 = -2*y + 2, -5*c + q = -4*y. List the prime factors of y.
2
Let t(x) = -2*x - 9. Let y be t(-7). Suppose -y*j + 10*j = 3*l - 24, 2*j = 0. List the prime factors of l.
2
Suppose 9*c - 4*c + 50 = 0. Let s be 1 - (-5)/(c/(-148)). Suppose -s = -2*h - 3*h + 5*r, -5*h + 63 = -2*r. List the prime factors of h.
11
Let q be ((-12)/10)/((-16)/40). Let o be q*(7/(-3))/1. List the prime factors of (-5 - -3)*o + 3.
17
List the prime factors of 71 - 2 - (2 + -1).
2, 17
Let a(z) = -z**2 + 14*z + 3. List the prime factors of a(12).
3
Let v = 325 - 